{"id":7,"date":"2020-09-15T19:43:31","date_gmt":"2020-09-15T17:43:31","guid":{"rendered":"http:\/\/tyguyvitraux.com\/wordpress\/?page_id=7"},"modified":"2020-10-22T19:34:29","modified_gmt":"2020-10-22T17:34:29","slug":"a-propos-de","status":"publish","type":"page","link":"https:\/\/tyguyvitraux.com\/wordpress\/a-propos-de\/","title":{"rendered":"Pr\u00e9sentation"},"content":{"rendered":"\n<br>\n\n\n\n<div class=\"wp-block-group\"><div class=\"wp-block-group__inner-container\">\n<p class=\"has-drop-cap\"><\/p>\n<\/div><\/div>\n\n\n\n<figure class=\"wp-block-image size-full is-style-rounded\"><img src=\"http:\/\/tyguyvitraux.com\/wordpress\/wp-content\/uploads\/2020\/10\/guy.jpg\" alt=\"Guy Quilliou\" style=\"float: left; margin-left:30px; margin-right: 30px;\">\n<br>\n<br>\n<br>\n<p class=\"has-drop-cap\">Je place le verre en lumi\u00e8re\n<br> je le sculpte\n<br> je deviens sculpteur de lumi\u00e8re *\n<\/p>\n<figcaption>Guy Quilliou<\/figcaption>\n<\/figure>\n\n\n\n<br>\n<br>\n\n\n\n<p>J&rsquo;obtiens le CAP de vitrailliste au CIFAM de NANTES en 2007. Je travaille avec des verriers de renom et j&rsquo;installe un atelier \u00e0 SAINT RENAN pr\u00e8s de BREST.<\/p>\n\n\n\n<p>Je r\u00e9alise des vitraux pour des m\u00e9diath\u00e8ques (LE FOLGOET, SAINT RENAN, COAT MEAL) dans le cadre du pourcentage culturel.<\/p>\n\n\n\n<p>Je r\u00e9alise des installations dans des demeures (fen\u00eatres, portes, s\u00e9parations&#8230; ) et des troph\u00e9es pour des communes et des associations.<\/p>\n\n\n\n<p class=\"has-small-font-size\">* J&rsquo;obtiens le premier prix de sculpture au salon de printemps 2019 au RELECQ KERHUON.<\/p>\n","protected":false},"excerpt":{"rendered":"<p>Je place le verre en lumi\u00e8re je le sculpte je deviens sculpteur de lumi\u00e8re * Guy Quilliou J&rsquo;obtiens le CAP de vitrailliste au CIFAM de NANTES en 2007. Je travaille avec des verriers de renom et j&rsquo;installe un atelier \u00e0 SAINT RENAN pr\u00e8s de BREST. Je r\u00e9alise des vitraux pour des m\u00e9diath\u00e8ques (LE FOLGOET, SAINT&#46;&#46;&#46;<\/p>\n","protected":false},"author":1,"featured_media":0,"parent":0,"menu_order":0,"comment_status":"closed","ping_status":"closed","template":"","meta":[],"_links":{"self":[{"href":"https:\/\/tyguyvitraux.com\/wordpress\/wp-json\/wp\/v2\/pages\/7"}],"collection":[{"href":"https:\/\/tyguyvitraux.com\/wordpress\/wp-json\/wp\/v2\/pages"}],"about":[{"href":"https:\/\/tyguyvitraux.com\/wordpress\/wp-json\/wp\/v2\/types\/page"}],"author":[{"embeddable":true,"href":"https:\/\/tyguyvitraux.com\/wordpress\/wp-json\/wp\/v2\/users\/1"}],"replies":[{"embeddable":true,"href":"https:\/\/tyguyvitraux.com\/wordpress\/wp-json\/wp\/v2\/comments?post=7"}],"version-history":[{"count":23,"href":"https:\/\/tyguyvitraux.com\/wordpress\/wp-json\/wp\/v2\/pages\/7\/revisions"}],"predecessor-version":[{"id":253,"href":"https:\/\/tyguyvitraux.com\/wordpress\/wp-json\/wp\/v2\/pages\/7\/revisions\/253"}],"wp:attachment":[{"href":"https:\/\/tyguyvitraux.com\/wordpress\/wp-json\/wp\/v2\/media?parent=7"}],"curies":[{"name":"wp","href":"https:\/\/api.w.org\/{rel}","templated":true}]}}